{"id":8212,"date":"2021-06-05T10:56:00","date_gmt":"2021-06-05T07:56:00","guid":{"rendered":"https:\/\/www.mira.fi\/product\/mira-kyparansuojus-visiirilla\/"},"modified":"2021-06-05T10:56:00","modified_gmt":"2021-06-05T07:56:00","slug":"mira-kyparansuojus-visiirilla","status":"publish","type":"product","link":"https:\/\/www.mira.fi\/fi\/product\/mira-kyparansuojus-visiirilla\/","title":{"rendered":"Mira-kyp\u00e4r\u00e4nsuojus visiirill\u00e4"},"content":{"rendered":"<p>Mira-kyp\u00e4r\u00e4nsuojus visiirill\u00e4. Kyp\u00e4r\u00e4n muotoinen, sis\u00e4ll\u00e4 joustava nauha. Sopii kaikkiin ravikyp\u00e4riin. Mahdollisuus kustomoida brodeeratuilla logoilla.   <\/p>\n","protected":false},"excerpt":{"rendered":"<p>Mira-kyp\u00e4r\u00e4nsuojus visiirill\u00e4. Kyp\u00e4r\u00e4n muotoinen, sis\u00e4ll\u00e4 joustava nauha. Sopii kaikkiin ravikyp\u00e4riin.  [&#8230;]<\/p>\n","protected":false},"featured_media":8214,"template":"","meta":[],"product_brand":[],"product_cat":[1880,1865],"product_tag":[],"class_list":{"0":"post-8212","1":"product","2":"type-product","3":"status-publish","4":"has-post-thumbnail","6":"product_cat-lisavarusteet","7":"product_cat-racing-clothing","8":"pa_color-black","9":"pa_color-navy-blue","10":"pa_color-royal-blue","12":"first","13":"instock","14":"taxable","15":"shipping-taxable","16":"product-type-variable"},"yoast_head":"<!-- This site is optimized with the Yoast SEO plugin v27.5 - https:\/\/yoast.com\/product\/yoast-seo-wordpress\/ -->\n<title>Mira-kyp\u00e4r\u00e4nsuojus visiirill\u00e4 - Mira-Tex Oy<\/title>\n<meta name=\"robots\" content=\"index, follow, max-snippet:-1, max-image-preview:large, max-video-preview:-1\" \/>\n<link rel=\"canonical\" href=\"https:\/\/www.mira.fi\/fi\/product\/mira-kyparansuojus-visiirilla\/\" \/>\n<meta property=\"og:locale\" content=\"fi_FI\" \/>\n<meta property=\"og:type\" content=\"article\" \/>\n<meta property=\"og:title\" content=\"Mira-kyp\u00e4r\u00e4nsuojus visiirill\u00e4 - Mira-Tex Oy\" \/>\n<meta property=\"og:description\" content=\"Mira-kyp\u00e4r\u00e4nsuojus visiirill\u00e4. Kyp\u00e4r\u00e4n muotoinen, sis\u00e4ll\u00e4 joustava nauha. Sopii kaikkiin ravikyp\u00e4riin. [...]\" \/>\n<meta property=\"og:url\" content=\"https:\/\/www.mira.fi\/fi\/product\/mira-kyparansuojus-visiirilla\/\" \/>\n<meta property=\"og:site_name\" content=\"Mira-Tex Oy\" \/>\n<meta property=\"og:image\" content=\"https:\/\/www.mira.fi\/wp-content\/uploads\/mira-helmet-cover-with-vizor-black-1-1.jpg\" \/>\n\t<meta property=\"og:image:width\" content=\"2048\" \/>\n\t<meta property=\"og:image:height\" content=\"2048\" \/>\n\t<meta property=\"og:image:type\" content=\"image\/jpeg\" \/>\n<meta name=\"twitter:card\" content=\"summary_large_image\" \/>\n<script type=\"application\/ld+json\" class=\"yoast-schema-graph\">{\"@context\":\"https:\\\/\\\/schema.org\",\"@graph\":[{\"@type\":\"WebPage\",\"@id\":\"https:\\\/\\\/www.mira.fi\\\/fi\\\/product\\\/mira-kyparansuojus-visiirilla\\\/\",\"url\":\"https:\\\/\\\/www.mira.fi\\\/fi\\\/product\\\/mira-kyparansuojus-visiirilla\\\/\",\"name\":\"Mira-kyp\u00e4r\u00e4nsuojus visiirill\u00e4 - Mira-Tex Oy\",\"isPartOf\":{\"@id\":\"https:\\\/\\\/www.mira.fi\\\/#website\"},\"primaryImageOfPage\":{\"@id\":\"https:\\\/\\\/www.mira.fi\\\/fi\\\/product\\\/mira-kyparansuojus-visiirilla\\\/#primaryimage\"},\"image\":{\"@id\":\"https:\\\/\\\/www.mira.fi\\\/fi\\\/product\\\/mira-kyparansuojus-visiirilla\\\/#primaryimage\"},\"thumbnailUrl\":\"https:\\\/\\\/www.mira.fi\\\/wp-content\\\/uploads\\\/mira-helmet-cover-with-vizor-black-1-1.jpg\",\"datePublished\":\"2021-06-05T07:56:00+00:00\",\"breadcrumb\":{\"@id\":\"https:\\\/\\\/www.mira.fi\\\/fi\\\/product\\\/mira-kyparansuojus-visiirilla\\\/#breadcrumb\"},\"inLanguage\":\"fi\",\"potentialAction\":[{\"@type\":\"ReadAction\",\"target\":[\"https:\\\/\\\/www.mira.fi\\\/fi\\\/product\\\/mira-kyparansuojus-visiirilla\\\/\"]}]},{\"@type\":\"ImageObject\",\"inLanguage\":\"fi\",\"@id\":\"https:\\\/\\\/www.mira.fi\\\/fi\\\/product\\\/mira-kyparansuojus-visiirilla\\\/#primaryimage\",\"url\":\"https:\\\/\\\/www.mira.fi\\\/wp-content\\\/uploads\\\/mira-helmet-cover-with-vizor-black-1-1.jpg\",\"contentUrl\":\"https:\\\/\\\/www.mira.fi\\\/wp-content\\\/uploads\\\/mira-helmet-cover-with-vizor-black-1-1.jpg\",\"width\":2048,\"height\":2048,\"caption\":\"Mira-kyp\u00e4r\u00e4nsuojus visiirill\u00e4\"},{\"@type\":\"BreadcrumbList\",\"@id\":\"https:\\\/\\\/www.mira.fi\\\/fi\\\/product\\\/mira-kyparansuojus-visiirilla\\\/#breadcrumb\",\"itemListElement\":[{\"@type\":\"ListItem\",\"position\":1,\"name\":\"Etusivu\",\"item\":\"https:\\\/\\\/www.mira.fi\\\/fi\\\/\"},{\"@type\":\"ListItem\",\"position\":2,\"name\":\"Kauppa\",\"item\":\"https:\\\/\\\/www.mira.fi\\\/fi\\\/kauppa\\\/\"},{\"@type\":\"ListItem\",\"position\":3,\"name\":\"Mira-kyp\u00e4r\u00e4nsuojus visiirill\u00e4\"}]},{\"@type\":\"WebSite\",\"@id\":\"https:\\\/\\\/www.mira.fi\\\/#website\",\"url\":\"https:\\\/\\\/www.mira.fi\\\/\",\"name\":\"Mira-Tex Oy\",\"description\":\"Johtava ravivaatteiden valmistaja\",\"publisher\":{\"@id\":\"https:\\\/\\\/www.mira.fi\\\/#organization\"},\"potentialAction\":[{\"@type\":\"SearchAction\",\"target\":{\"@type\":\"EntryPoint\",\"urlTemplate\":\"https:\\\/\\\/www.mira.fi\\\/?s={search_term_string}\"},\"query-input\":{\"@type\":\"PropertyValueSpecification\",\"valueRequired\":true,\"valueName\":\"search_term_string\"}}],\"inLanguage\":\"fi\"},{\"@type\":\"Organization\",\"@id\":\"https:\\\/\\\/www.mira.fi\\\/#organization\",\"name\":\"Mira-Tex Oy\",\"url\":\"https:\\\/\\\/www.mira.fi\\\/\",\"logo\":{\"@type\":\"ImageObject\",\"inLanguage\":\"fi\",\"@id\":\"https:\\\/\\\/www.mira.fi\\\/#\\\/schema\\\/logo\\\/image\\\/\",\"url\":\"https:\\\/\\\/www.mira.fi\\\/wp-content\\\/uploads\\\/favicon.png\",\"contentUrl\":\"https:\\\/\\\/www.mira.fi\\\/wp-content\\\/uploads\\\/favicon.png\",\"width\":600,\"height\":600,\"caption\":\"Mira-Tex Oy\"},\"image\":{\"@id\":\"https:\\\/\\\/www.mira.fi\\\/#\\\/schema\\\/logo\\\/image\\\/\"}}]}<\/script>\n<!-- \/ Yoast SEO plugin. -->","yoast_head_json":{"title":"Mira-kyp\u00e4r\u00e4nsuojus visiirill\u00e4 - Mira-Tex Oy","robots":{"index":"index","follow":"follow","max-snippet":"max-snippet:-1","max-image-preview":"max-image-preview:large","max-video-preview":"max-video-preview:-1"},"canonical":"https:\/\/www.mira.fi\/fi\/product\/mira-kyparansuojus-visiirilla\/","og_locale":"fi_FI","og_type":"article","og_title":"Mira-kyp\u00e4r\u00e4nsuojus visiirill\u00e4 - Mira-Tex Oy","og_description":"Mira-kyp\u00e4r\u00e4nsuojus visiirill\u00e4. Kyp\u00e4r\u00e4n muotoinen, sis\u00e4ll\u00e4 joustava nauha. Sopii kaikkiin ravikyp\u00e4riin. [...]","og_url":"https:\/\/www.mira.fi\/fi\/product\/mira-kyparansuojus-visiirilla\/","og_site_name":"Mira-Tex Oy","og_image":[{"width":2048,"height":2048,"url":"https:\/\/www.mira.fi\/wp-content\/uploads\/mira-helmet-cover-with-vizor-black-1-1.jpg","type":"image\/jpeg"}],"twitter_card":"summary_large_image","schema":{"@context":"https:\/\/schema.org","@graph":[{"@type":"WebPage","@id":"https:\/\/www.mira.fi\/fi\/product\/mira-kyparansuojus-visiirilla\/","url":"https:\/\/www.mira.fi\/fi\/product\/mira-kyparansuojus-visiirilla\/","name":"Mira-kyp\u00e4r\u00e4nsuojus visiirill\u00e4 - Mira-Tex Oy","isPartOf":{"@id":"https:\/\/www.mira.fi\/#website"},"primaryImageOfPage":{"@id":"https:\/\/www.mira.fi\/fi\/product\/mira-kyparansuojus-visiirilla\/#primaryimage"},"image":{"@id":"https:\/\/www.mira.fi\/fi\/product\/mira-kyparansuojus-visiirilla\/#primaryimage"},"thumbnailUrl":"https:\/\/www.mira.fi\/wp-content\/uploads\/mira-helmet-cover-with-vizor-black-1-1.jpg","datePublished":"2021-06-05T07:56:00+00:00","breadcrumb":{"@id":"https:\/\/www.mira.fi\/fi\/product\/mira-kyparansuojus-visiirilla\/#breadcrumb"},"inLanguage":"fi","potentialAction":[{"@type":"ReadAction","target":["https:\/\/www.mira.fi\/fi\/product\/mira-kyparansuojus-visiirilla\/"]}]},{"@type":"ImageObject","inLanguage":"fi","@id":"https:\/\/www.mira.fi\/fi\/product\/mira-kyparansuojus-visiirilla\/#primaryimage","url":"https:\/\/www.mira.fi\/wp-content\/uploads\/mira-helmet-cover-with-vizor-black-1-1.jpg","contentUrl":"https:\/\/www.mira.fi\/wp-content\/uploads\/mira-helmet-cover-with-vizor-black-1-1.jpg","width":2048,"height":2048,"caption":"Mira-kyp\u00e4r\u00e4nsuojus visiirill\u00e4"},{"@type":"BreadcrumbList","@id":"https:\/\/www.mira.fi\/fi\/product\/mira-kyparansuojus-visiirilla\/#breadcrumb","itemListElement":[{"@type":"ListItem","position":1,"name":"Etusivu","item":"https:\/\/www.mira.fi\/fi\/"},{"@type":"ListItem","position":2,"name":"Kauppa","item":"https:\/\/www.mira.fi\/fi\/kauppa\/"},{"@type":"ListItem","position":3,"name":"Mira-kyp\u00e4r\u00e4nsuojus visiirill\u00e4"}]},{"@type":"WebSite","@id":"https:\/\/www.mira.fi\/#website","url":"https:\/\/www.mira.fi\/","name":"Mira-Tex Oy","description":"Johtava ravivaatteiden valmistaja","publisher":{"@id":"https:\/\/www.mira.fi\/#organization"},"potentialAction":[{"@type":"SearchAction","target":{"@type":"EntryPoint","urlTemplate":"https:\/\/www.mira.fi\/?s={search_term_string}"},"query-input":{"@type":"PropertyValueSpecification","valueRequired":true,"valueName":"search_term_string"}}],"inLanguage":"fi"},{"@type":"Organization","@id":"https:\/\/www.mira.fi\/#organization","name":"Mira-Tex Oy","url":"https:\/\/www.mira.fi\/","logo":{"@type":"ImageObject","inLanguage":"fi","@id":"https:\/\/www.mira.fi\/#\/schema\/logo\/image\/","url":"https:\/\/www.mira.fi\/wp-content\/uploads\/favicon.png","contentUrl":"https:\/\/www.mira.fi\/wp-content\/uploads\/favicon.png","width":600,"height":600,"caption":"Mira-Tex Oy"},"image":{"@id":"https:\/\/www.mira.fi\/#\/schema\/logo\/image\/"}}]}},"_links":{"self":[{"href":"https:\/\/www.mira.fi\/fi\/wp-json\/wp\/v2\/product\/8212","targetHints":{"allow":["GET"]}}],"collection":[{"href":"https:\/\/www.mira.fi\/fi\/wp-json\/wp\/v2\/product"}],"about":[{"href":"https:\/\/www.mira.fi\/fi\/wp-json\/wp\/v2\/types\/product"}],"wp:featuredmedia":[{"embeddable":true,"href":"https:\/\/www.mira.fi\/fi\/wp-json\/wp\/v2\/media\/8214"}],"wp:attachment":[{"href":"https:\/\/www.mira.fi\/fi\/wp-json\/wp\/v2\/media?parent=8212"}],"wp:term":[{"taxonomy":"product_brand","embeddable":true,"href":"https:\/\/www.mira.fi\/fi\/wp-json\/wp\/v2\/product_brand?post=8212"},{"taxonomy":"product_cat","embeddable":true,"href":"https:\/\/www.mira.fi\/fi\/wp-json\/wp\/v2\/product_cat?post=8212"},{"taxonomy":"product_tag","embeddable":true,"href":"https:\/\/www.mira.fi\/fi\/wp-json\/wp\/v2\/product_tag?post=8212"}],"curies":[{"name":"wp","href":"https:\/\/api.w.org\/{rel}","templated":true}]}}

Mira-kypäränsuojus visiirillä

<p>Mira-kypäränsuojus visiirillä. Kypärän muotoinen, sisällä joustava nauha. Sopii kaikkiin ravikypäriin. Mahdollisuus kustomoida brodeeratuilla logoilla.   </p>

<p>Mira-kypäränsuojus visiirillä. Kypärän muotoinen, sisällä joustava nauha. Sopii kaikkiin ravikypäriin.  [&#8230;]</p>

<!-- This site is optimized with the Yoast SEO plugin v27.5 - https://yoast.com/product/yoast-seo-wordpress/ -->
<title>Mira-kypäränsuojus visiirillä - Mira-Tex Oy</title>
<meta name="robots" content="index, follow, max-snippet:-1, max-image-preview:large, max-video-preview:-1" />
<link rel="canonical" href="https://www.mira.fi/fi/product/mira-kyparansuojus-visiirilla/" />
<meta property="og:locale" content="fi_FI" />
<meta property="og:type" content="article" />
<meta property="og:title" content="Mira-kypäränsuojus visiirillä - Mira-Tex Oy" />
<meta property="og:description" content="Mira-kypäränsuojus visiirillä. Kypärän muotoinen, sisällä joustava nauha. Sopii kaikkiin ravikypäriin. [...]" />
<meta property="og:url" content="https://www.mira.fi/fi/product/mira-kyparansuojus-visiirilla/" />
<meta property="og:site_name" content="Mira-Tex Oy" />
<meta property="og:image" content="https://www.mira.fi/wp-content/uploads/mira-helmet-cover-with-vizor-black-1-1.jpg" />
	<meta property="og:image:width" content="2048" />
	<meta property="og:image:height" content="2048" />
	<meta property="og:image:type" content="image/jpeg" />
<meta name="twitter:card" content="summary_large_image" />
<script type="application/ld+json" class="yoast-schema-graph">{"@context":"https:\/\/schema.org","@graph":[{"@type":"WebPage","@id":"https:\/\/www.mira.fi\/fi\/product\/mira-kyparansuojus-visiirilla\/","url":"https:\/\/www.mira.fi\/fi\/product\/mira-kyparansuojus-visiirilla\/","name":"Mira-kypäränsuojus visiirillä - Mira-Tex Oy","isPartOf":{"@id":"https:\/\/www.mira.fi\/#website"},"primaryImageOfPage":{"@id":"https:\/\/www.mira.fi\/fi\/product\/mira-kyparansuojus-visiirilla\/#primaryimage"},"image":{"@id":"https:\/\/www.mira.fi\/fi\/product\/mira-kyparansuojus-visiirilla\/#primaryimage"},"thumbnailUrl":"https:\/\/www.mira.fi\/wp-content\/uploads\/mira-helmet-cover-with-vizor-black-1-1.jpg","datePublished":"2021-06-05T07:56:00+00:00","breadcrumb":{"@id":"https:\/\/www.mira.fi\/fi\/product\/mira-kyparansuojus-visiirilla\/#breadcrumb"},"inLanguage":"fi","potentialAction":[{"@type":"ReadAction","target":["https:\/\/www.mira.fi\/fi\/product\/mira-kyparansuojus-visiirilla\/"]}]},{"@type":"ImageObject","inLanguage":"fi","@id":"https:\/\/www.mira.fi\/fi\/product\/mira-kyparansuojus-visiirilla\/#primaryimage","url":"https:\/\/www.mira.fi\/wp-content\/uploads\/mira-helmet-cover-with-vizor-black-1-1.jpg","contentUrl":"https:\/\/www.mira.fi\/wp-content\/uploads\/mira-helmet-cover-with-vizor-black-1-1.jpg","width":2048,"height":2048,"caption":"Mira-kypäränsuojus visiirillä"},{"@type":"BreadcrumbList","@id":"https:\/\/www.mira.fi\/fi\/product\/mira-kyparansuojus-visiirilla\/#breadcrumb","itemListElement":[{"@type":"ListItem","position":1,"name":"Etusivu","item":"https:\/\/www.mira.fi\/fi\/"},{"@type":"ListItem","position":2,"name":"Kauppa","item":"https:\/\/www.mira.fi\/fi\/kauppa\/"},{"@type":"ListItem","position":3,"name":"Mira-kypäränsuojus visiirillä"}]},{"@type":"WebSite","@id":"https:\/\/www.mira.fi\/#website","url":"https:\/\/www.mira.fi\/","name":"Mira-Tex Oy","description":"Johtava ravivaatteiden valmistaja","publisher":{"@id":"https:\/\/www.mira.fi\/#organization"},"potentialAction":[{"@type":"SearchAction","target":{"@type":"EntryPoint","urlTemplate":"https:\/\/www.mira.fi\/?s={search_term_string}"},"query-input":{"@type":"PropertyValueSpecification","valueRequired":true,"valueName":"search_term_string"}}],"inLanguage":"fi"},{"@type":"Organization","@id":"https:\/\/www.mira.fi\/#organization","name":"Mira-Tex Oy","url":"https:\/\/www.mira.fi\/","logo":{"@type":"ImageObject","inLanguage":"fi","@id":"https:\/\/www.mira.fi\/#\/schema\/logo\/image\/","url":"https:\/\/www.mira.fi\/wp-content\/uploads\/favicon.png","contentUrl":"https:\/\/www.mira.fi\/wp-content\/uploads\/favicon.png","width":600,"height":600,"caption":"Mira-Tex Oy"},"image":{"@id":"https:\/\/www.mira.fi\/#\/schema\/logo\/image\/"}}]}</script>
<!-- / Yoast SEO plugin. -->

Mira-kypäränsuojus visiirillä - Mira-Tex Oy

Mira-kypäränsuojus visiirillä. Kypärän muotoinen, sisällä joustava nauha. Sopii kaikkiin ravikypäriin. [...]
